ase 11
1228
Convert -2a22b0 (base 12) to base 11.
-444675
-280217 (base 13) to base 16
-ed2a8
What is 110100010110011000 (base 2) in base 15?
437ee
11010100000001010 (base 2) to base 5
11433204
110101100110100001110010 (base 2) to base 8
65464162
-12848b (base 12) to base 15
-604ab
-13c7bb (base 13) to base 6
-14215513
What is 211554100 (base 6) in base 16?
38f274
Convert -1006557 (base 8) to base 2.
-1000000110101101111
Convert -210122101200210 (base 3) to base 9.
-23571623
Convert -337676 (base 8) to base 9.
-184207
Convert 1040354225 (base 6) to base 13.
243190a
82b29 (base 12) to base 15
359c6
100000100100101011 (base 2) to base 4
200210223
Convert -3b664c (base 13) to base 2.
-101100000001000000110
What is 10102333412 (base 5) in base 4?
212322003000
What is -111000001010011010 (base 2) in base 4?
-320022122
What is -432224214 (base 5) in base 8?
-7002230
Convert -220023133220 (base 4) to base 5.
-10144022330
2037240 (base 8) to base 10
540320
-1656b (base 16) to base 10
-91499
23152 (base 11) to base 14
c297
-26b0b7 (base 14) to base 3
-2111220022121
Convert -22120200112202 (base 3) to base 9.
-8520482
-22621 (base 11) to base 8
-77665
Convert 7331773 (base 9) to base 16.
3bc9c7
What is 13130123333 (base 4) in base 6?
105454355
What is -102101002011 (base 3) in base 8?
-665165
363578 (base 11) to base 16
8c8c2
Convert 1c686e (base 16) to base 9.
3446742
Convert 1210523 (base 7) to base 3.
21211010222
37434410 (base 8) to base 13
1938272
What is -377380 (base 9) in base 13?
-80004
-511512 (base 9) to base 7
-2401145
What is -398163 (base 14) in base 16?
-1e3c0b
101001010100110111111 (base 2) to base 9
2483518
Convert -7258788 (base 9) to base 8.
-16625135
What is 4403020 (base 6) in base 9?
362513
Convert 141974 (base 13) to base 11.
304724
Convert 2944b (base 15) to base 5.
13220341
What is 12535010 (base 6) in base 12?
181466
What is -474561 (base 8) in base 5?
-20142121
What is 24020121 (base 5) in base 3?
102011211111
Convert 1001000101100001011011 (base 2) to base 15.
320b45
What is 19d296d (base 14) in base 7?
214310266
-11621731 (base 8) to base 10
-2565081
-48149 (base 14) to base 2
-101010111100000101
Convert 12ead (base 15) to base 5.
3420223
Convert -140024103 (base 6) to base 13.
-7719c3
Convert -ca025 (base 14) to base 10.
-488465
What is 318a2a (base 11) in base 4?
1330123310
What is -2323675 (base 8) in base 9?
-1163882
What is -aee783 (base 15) in base 2?
-11111110110111011011000
Convert -2133130300 (base 4) to base 9.
-1204801
What is 25313124 (base 6) in base 14?
1743c8
What is -552065 (base 7) in base 12?
-48005
178a8 (base 12) to base 10
34112
What is -c299b (base 16) in base 6?
-25030111
5bb31 (base 13) to base 16
293a7
Convert 769a2 (base 14) to base 2.
1000110001000110010
-2630544 (base 8) to base 12
-2b4604
2ab60f (base 16) to base 9
5235602
What is -1211111101212 (base 3) in base 6?
-32514205
234307 (base 16) to base 4
20310030013
-5033132 (base 6) to base 11
-152798
What is 1891b (base 15) in base 8?
233474
Convert -303113232031 (base 4) to base 10.
-13466509
Convert -315881 (base 10) to base 8.
-1150751
11a3670 (base 13) to base 3
101022222210111
What is 1c54e (base 15) in base 8?
264244
-573563 (base 8) to base 14
-50bd1
10101101001000100001000 (base 2) to base 14
a79704
Convert -824419 (base 10) to base 8.
-3112143
What is -763263 (base 8) in base 7?
-2113246
Convert 10001110101000101 (base 2) to base 3.
10201011210
-3010202 (base 5) to base 8
-134700
-7663542 (base 8) to base 14
-3b805c
What is -5447237 (base 8) in base 16?
-164e9f
Convert -ce7b7b (base 15) to base 7.
-146462546
Convert -101011100120 (base 4) to base 3.
-22102111121222
What is 863753 (base 16) in base 11?
4a68612
11111000110000100111011 (base 2) to base 12
2891277
Convert 117329 (base 16) to base 8.
4271451
What is 2011102121 (base 3) in base 6?
525111
-205111 (base 12) to base 3
-221201201211
Convert 7a684 (base 13) to base 4.
312130223
What is -1689459 (base 11) in base 4?
-22330011002
Convert -2329a26 (base 11) to base 7.
-46404213
What is -24194 (base 14) in base 10?
-88134
3b678 (base 16) to base 5
30241240
-6353635 (base 7) to base 12
-3114b1
-1811b (base 13) to base 9
-70487
42323332 (base 5) to base 6
11334442
Convert -1d5a9 (base 14) to base 16.
-125d1
What is -133211222 (base 4) in base 12?
-62a62
What is 336617 (base 8) in base 15?
23be3
Convert b5a20 (base 12) to base 2.
111010001001111000
Convert 10000100010110000 (base 2) to base 13.
24ac4
Convert -7b278 (base 13) to base 6.
-4451255
223310030 (base 7) to base 10
13582478
Convert 2141223400 (base 5) to base 8.
21530617
Convert -3626741 (base 8) to base 16.
-f2de1
-30021333 (base 4) to base 14
-14207
What is 105123110 (base 6) in base 10?
1923954
What is -1100010100111010100 (base 2) in base 6?
-12354004
4004010334 (base 5) to base 12
277985b
Convert 202130103 (base 6) to base 12.
11b0933
What is -41441010 (base 5) in base 8?
-1236327
843ab5 (base 12) to base 3
10220200201102
Convert -30740114 (base 8) to base 15.
-891e97
-357e5 (base 16) to base 4
-311133211
What is 21312220 (base 4) in base 7?
225445
-3043251 (base 6) to base 10
-145903
What is 454b8 (base 13) in base 9?
211822
What is -112804 (base 13) in base 11?
-257811
Convert 25205420 (base 6) to base 8.
3055724
Convert -1110023312 (base 4) to base 10.
-344822
What is -1001233223112 (base 4) in base 11?
-9801710
80449a (base 11) to base 4
10323333311
-15200454 (base 8) to base 3
-20112111000212
What is 725602 (base 8) in base 3?
110012220221
-5922220 (base 12) to base 3
-1012101121001120
60d299 (base 14) to base 15
446ccd
12720135 (base 8) to base 2
1010111010000001011101
-56e63 (base 16) to base 14
-93a03
1420088 (base 9) to base 16
bea27
Convert 145004 (base 8) to base 4.
30220010
Convert -571804 (base 10) to base 16.
-8b99c
Convert -224367 (base 9) to base 12.
-65974
What is 246441311 (base 7) in base 8?
73422326
2bc8cd (base 14) to base 5
343023101
-1c0e66 (base 16) to base 15
-264be9
3376518 (base 12) to base 14
14497a4
Convert 2212200111 (base 4) to base 7.
5540232
What is 203013303203 (base 4) in base 8?
43076343
-57505 (base 11) to base 8
-242274
Convert -130231105 (base 6) to base 9.
-4700015
Convert 83597 (base 14) to base 3.
121002101122
What is -2211100011112 (base 3) in base 12?
-60567b
What is -4404034043 (base 5) in base 9?
-18677085
Convert -1a1c149 (base 13) to base 8.
-40622716
Convert -132443120 (base 6) to base 8.
-12067170
Convert 122101110121222 (base 3) to base 2.
100011001111111111010101
Convert b0758 (base 14) to base 16.
6785a
What is -54775 (base 8) in base 2?
-101100111111101
Convert 14142055 (base 6) to base 10.
479987
What is -74a0a1 (base 12) in base 10?
-1842169
What is -5233411 (base 6) in base 15?
-501b4
What is 2210002201201 (base 3) in base 14?
2a69cb
285c17 (base 15) to base 5
444141342
1d527 (base 15) to base 13
34708
25000 (base 14) to base 16
161b8
Convert 1143466 (base 10) to base 12.
47188a
Convert -5222523 (base 8) to base 15.
-1c5926
What is -110111000011101101 (base 2) in base 13?
-7b856
-34112343 (base 5) to base 6
-10241221
-12005261 (base 9) to base 3
-102000012022001
Convert 20222122010 (base 3) to base 15.
2ab29
What is -1111223112 (base 4) in base 10?
-350934
11100100101110000001 (base 2) to base 6
32025105
What is 4530115 (base 6) in base 5?
24320224
What is -11101011212 (base 3) in base 16?
-15089
What is -3204503 (base 9) in base 15?
-23d580
Convert -133611 (base 7) to base 5.
-1302331
-3828532 (base 9) to base 12
-84729b
Convert 52a08 (base 11) to base 12.
38739
Convert 406326 (base 8) to base 12.
65906
What is 21113132 (base 5) in base 4?
222332222
Convert -2520560 (base 7) to base 9.
-544018
What is 125626455 (base 7) in base 14?
1110b9c
218d13 (base 15) to base 4
12012131112
What is -7a0172 (base 11) in base 4?
-10313001233
What is 1453141 (base 7) in base 16?
30565
1536433 (base 10) to base 11
95a388
Convert -1014240331 (base 5) to base 3.
-10221211012202
Convert -11100222210 (base 3) to base 11.
-59697
-24241631 (base 7) to base 15
-2ca6de
Convert -53124301 (base 6) to base 5.
-344112424
Convert -122031054 (base 7) to base 11.
-4359162
What is -1542558 (base 10) in base 4?
-11320212132
What is -ad84d (base 15) in base 13?
-164335
What is 370580 (base 10) in b